213 = y. What is the tens digit of j?
3
Suppose w = 2*y - 148 - 2319, -2*y = -3*w - 2461. What is the tens digit of y?
3
Suppose -35440 = -18*b - 2*b. What is the tens digit of b?
7
Let x = 2124 + -1181. What is the tens digit of x?
4
Suppose 0*m + 237 = m + 3*f, 3*m - 4*f - 672 = 0. What is the units digit of m?
8
Let n(z) = z**3 + 9*z**2 - 9*z + 2. Let f be n(-10). Let i = -6 - f. Suppose p - 24 = -i*h + 25, 0 = 3*h - p - 66. What is the units digit of h?
3
Let y(b) = 5*b**2 + 58*b + 42. What is the tens digit of y(-13)?
3
Suppose l + 17 = 2*r - 7, l + 3*r = -24. What is the tens digit of (l/(-2))/((-18)/(-171))?
1
Suppose 3*i - i + 3*h = 138, 2*i + 2*h = 134. Suppose -p + 2*m + 23 = -m, -3*m - i = -3*p. What is the units digit of p?
0
Suppose -4*b + 1804 = -4*a, -471 = -5*b + 4*b - 3*a. Suppose -5*t - 66 = -b. What is the units digit of t?
8
Let n = 493 + 73. What is the units digit of n?
6
Let k(i) = 20*i + 3 + 3 - 3. Let g be k(-3). What is the units digit of (g/6)/((-1)/2)?
9
Suppose -2*r = -3*k - 505, 26*k = 24*k - 2. What is the hundreds digit of r?
2
What is the units digit of ((-4)/9)/2 - 7132/(-18)?
6
Let u = 307 - 141. Let o = -51 + u. What is the tens digit of o?
1
What is the tens digit of 148372/60 + (-24)/(-180)?
7
Suppose 6*x = 21 - 9. Suppose -x*y = -0*y - 2*s - 58, 3*y = 2*s + 91. What is the tens digit of y?
3
Let y(a) = -a**3 + 5*a**2 + a + 1. Let s(w) = -7 - 10 + 12 - w**2 - 7*w. Let p be s(-5). What is the units digit of y(p)?
6
Let j(s) = -8*s + 7. Suppose -8*z - 10 = 30. What is the tens digit of j(z)?
4
Let z(b) = 508*b + 295. What is the thousands digit of z(6)?
3
Let b(m) = -m**2 + 29*m - 23. Let r be b(29). Let y = -15 - r. What is the units digit of y?
8
Suppose 0*k - 18*k = -23490. What is the units digit of k?
5
Let y = 1399 + -699. What is the units digit of y?
0
What is the hundreds digit of ((-8)/(-12))/(((-16)/2436)/(-2))?
2
Suppose 5*f = 29 + 11. Let j(m) = -4*m**2 - 2*m + 10. Let v(h) = h**2 + h + 1. Let q(x) = -j(x) - 3*v(x). What is the units digit of q(f)?
3
Let d be (-12)/54 - 116/(-36). What is the tens digit of (-764)/(-8) + d/6?
9
Suppose -4*w + 1612 = 3*g + w, -3*w = 3*g - 1620. What is the tens digit of g?
4
Suppose -4*u = -5*u + 249. Suppose 5*h = 3*v - 375, -2*v + 0*v = -3*h - u. Suppose f - 132 = -2*o, 6*o = 4*o + 2*f + v. What is the tens digit of o?
6
Let m(w) = 6*w + 2. Let l be m(-5). Let t be 2/6 - l/(-21). Let n(s) = -26*s**3 + s**2 + s + 1. What is the units digit of n(t)?
7
Suppose 3*m = -r + 640, -3*m - r = 2*r - 636. Let v = m - 91. What is the tens digit of v?
2
Let c(a) = a + 3. Let q be c(-9). Let j = q + 0. What is the tens digit of 10*4/(-16)*j?
1
Let w be (-9)/54 - 37/(-6). Let o(f) = f**3 + 2*f**2 - 14*f. What is the units digit of o(w)?
4
Suppose -15 = 3*n, -n = -3*g + 4487 + 2898. What is the thousands digit of g?
2
Let k be (-9)/(5/((-50)/(-15))). Let l(z) = -z**3 - 5*z**2 - 8*z - 9. What is the tens digit of l(k)?
7
Suppose -35 = -3*n + 8*n. Let u(v) = -2*v - 14. Let f be u(n). Suppose f = 2*r + 3*z - 59, r + r - 83 = 5*z. What is the tens digit of r?
3
Let i(n) = 534*n**2 - 3*n. What is the hundreds digit of i(-1)?
5
Suppose 6*r - 4168 = -1342. What is the hundreds digit of r?
4
Suppose -5*c - z = -2160, -5*c - 445 = 2*z - 2605. What is the tens digit of c?
3
Let k = 150 + -223. What is the units digit of (-5)/((-4)/18 + k/(-369))?
5
What is the thousands digit of 4/10*3*(-40200)/(-18)?
2
Let t(i) = 21*i - 35. Let l be t(8). What is the units digit of l + (-1 + 3)*-1?
1
Let x = 9 + -10. Let o be ((-3)/(-9))/(x/(-3)). Let d(u) = 30*u. What is the tens digit of d(o)?
3
Let g(a) = -a**3 + 8*a**2 + 2*a + 12. Let c(o) = o**3 + o - 1. Let v(d) = -3*c(d) - g(d). What is the units digit of v(-5)?
6
Let i be ((-219)/(-2))/((-9)/(-12)). Let f = i - 101. Suppose -6*q = -5*z - 2*q + 40, -3*q = -5*z + f. What is the units digit of z?
2
Let h = 941 - -672. What is the units digit of h?
3
Let x(o) = -3*o**3 + o**2 + 6*o - 1. Let k(r) = 3*r**2 - 1 + 9*r - 7*r**3 - 3*r + 7*r. Let h(y) = -2*k(y) + 5*x(y). What is the tens digit of h(-4)?
2
Let y(p) = -51*p + 72. What is the tens digit of y(-9)?
3
Let s(c) = -5*c**2 - 11*c. Let l(y) = 10*y - y**2 - 2 + 2 - 1 + 5*y**2. Let z(k) = -4*l(k) - 3*s(k). What is the tens digit of z(-5)?
1
Let q(v) = 2*v + 41. Let f be q(-19). Suppose -5*s - 57 = -2*d, f*d - 36 = 2*d + 4*s. What is the tens digit of d?
1
Let q be ((-13)/13)/(2/1210). What is the tens digit of 1/(-4) - q/20?
3
What is the hundreds digit of (-31 - 1337)*2*15/(-24)?
7
Suppose 5*z = 8 + 52. What is the tens digit of 3525/z - ((-9)/(-12) - 1)?
9
Let y(h) = 4*h. Suppose 5*v + 3 = -12, 5*b = 2*v + 16. Suppose 5*k - b = 8. What is the units digit of y(k)?
8
Suppose -12*j + 18 = -3*j. Suppose -3*f = -3*q + 297, 2*q = -j*q - 4*f + 420. What is the units digit of q?
2
Let w(r) = r**3 + 51. Let f be 1 + 1 + (-8 - -6). What is the units digit of w(f)?
1
Let j be 621/(-36) + (-2)/(-8). Let g = j - -19. Suppose -g*n - 3*c + 17 = 2*c, 4*n = -c + 61. What is the units digit of n?
6
Let c(q) = -5*q + 280. What is the tens digit of c(-45)?
0
Let g(z) = 4*z**2 + z - 5. Let s be g(4). Suppose -b + s = h, b - 4 = -3*h + 69. What is the tens digit of b?
5
Suppose -4*z + 231 = 5*g - 2166, z - 603 = -2*g. What is the hundreds digit of z?
5
Suppose -s - 8*s = -45. Suppose -s*a = -4*h + 637, a + 323 = 3*h - h. What is the hundreds digit of h?
1
Let t(b) be the first derivative of b**3/3 + 2*b**2 - 5*b - 90. Suppose -f - 4 = 0, -5*o = -o - 5*f - 36. What is the tens digit of t(o)?
2
Let m(t) = 6*t**2 + 3 + t**3 + 3 - 4 - 8 - 6*t. Let o be m(-6). Suppose s + o = 5*p, 4*p - 2*s + 5*s = 24. What is the units digit of p?
6
Suppose 0 = -499*q + 507*q - 16272. What is the tens digit of q?
3
Suppose 121 - 801 = -8*x. Let b = -8 + x. What is the tens digit of b?
7
Suppose 0 = -v - 1, 9*h + 14 = 4*h - 4*v. What is the tens digit of (-8)/60 - (3454/(-30) - h)?
1
Let p(y) = y**3 + 5*y**2 - 9*y - 7. Let x be p(-6). Let k = x + -11. Suppose k = 5*d - 33 - 17. What is the tens digit of d?
1
Suppose 23*h - 42*h = -28025. What is the thousands digit of h?
1
Suppose -3*m + m = 0. Suppose -3*t + 73 + 23 = 0. Suppose -4*u + m*u = -t. What is the units digit of u?
8
Let f be (-100)/30*(-6)/(-4). Let q(c) = c**3 + 4*c**2 - 6*c - 4. Let p be q(f). Suppose -p = w, -d - 2*w + 7 = -5*w. What is the units digit of d?
4
Let x(z) = z. Let s be x(5). Let a(t) = -1 + s + 2*t**2 - t + 0*t - 7*t. What is the units digit of a(5)?
4
Suppose 0 = 2*w - 2*x - 12, x - 15 = -2*w - 0*x. Suppose -w*g + 150 = -4. What is the tens digit of g?
2
Let w(b) = -2*b**2 - 7*b + 8. Let c(s) = -3*s**2 - 7*s + 9. Let n(x) = -6*c(x) + 7*w(x). What is the tens digit of n(-4)?
9
Suppose -5*q + 2*m = 6202, -q + 2*m + 482 = 1716. What is the tens digit of q/(-63) - (-2)/7?
2
What is the tens digit of (57 + -558)*2/(-1)?
0
Let v be (-13)/(13/10) + (2 - 1). Suppose -3*j + 23 = -31. Let w = v + j. What is the units digit of w?
9
Let w(t) = 5*t**2 + 3*t + 1. Let f be (-4 + 1)*(10 - 9). What is the tens digit of w(f)?
3
Suppose -4*z - 72*c + 75*c + 15579 = 0, 2*z + 5*c = 7809. What is the units digit of z?
7
What is the units digit of (-1)/(-10) + (-261019)/(-110) + 13?
6
Let c be 24*(-1 - (1 + -3)). Suppose 7*q + 99 - 64 = 0. Let a = c - q. What is the units digit of a?
9
Let p(n) = -5*n**2 + 3*n + 2. Let o(v) = -14*v**2 + 8*v + 6. Let m(g) = 4*o(g) - 11*p(g). Let i be m(-3). What is the tens digit of 4/6*(-72)/i?
1
Suppose 0 = -4*m - 2*g + 208, 220 = 4*m - 0*m - g. Let w = 108 - m. Let t = w - 37. What is the tens digit of t?
1
What is the units digit of 423 + 1 + 3 + 2?
9
Suppose 504 - 1489 = -s. What is the hundreds digit of s?
9
Let n = 7 + -6. Suppose 2*c + 11 = -n. What is the tens digit of 45 - (-2)/(c/9)?
4
Let w(m) = m**2 + 13*m + 4. Let d be w(-13). Suppose 2*n + 5*s - 4 = 0, 2*n + d*s + 0*s - 6 = 0. What is the units digit of n?
7
Let m be (-2)/1*15/(-10). Let c(s) = 28*s - 14. What is the tens digit of c(m)?
7
Let j(y) = 12*y**2 - 9*y + 247. What is the tens digit of j(-18)?
9
What is the thousands digit of ((-10350)/(-105))/(2/42)?
2
Let a = -234 - -748. What is the tens digit of a?
1
Suppose 3*u = -v - 9, -4*v - 5*u - 2 + 1 = 0. Suppose n - 4 = v. What 